+ 3, -12 = -g + 2*r. Let z be (g/4)/((-37)/222). Let v(j) = -3*j**3 - 3*j**2 + 2*j - 2. Calculate v(z).
46
Let z(y) be the third derivative of -y**5/60 - y**4/24 + 19*y**3/3 + 4*y**2 + 178*y. Calculate z(7).
-18
Let j(a) be the second derivative of 1/3*a**3 + 0 - 5*a + 1/4*a**4 + 2*a**2. Give j(-3).
25
Let m(p) = 10 + 2*p - 9*p**2 + 5*p**2 - 9. Let x = 6 - 0. Let u(z) = z**2. Let n(v) = x*u(v) + m(v). Give n(2).
13
Let w = 28531 - 28509. Let t(z) = -z**2 + 23*z + 49. Determine t(w).
71
Let f(r) = -10*r - 59. Let u = -10984 + 10978. Give f(u).
1
Let i = -21 + 98. Suppose 4*j - 15*j - i = 0. Let g(l) = -l**3 - 6*l**2 + 9*l. Determine g(j).
-14
Let x(w) = -6*w + 35. Let n(i) = -9*i + 53. Let k(p) = 7*n(p) - 11*x(p). Calculate k(6).
4
Let v(f) be the second derivative of -f**3/2 + 20*f**2 - 23*f - 50. Determine v(18).
-14
Let b(y) be the first derivative of -y**3 - 5/2*y**2 - 164 - 4*y. Give b(-3).
-16
Let o = 581/4 + -579/4. Let x(c) be the first derivative of o*c**2 - 2*c - 7. Calculate x(0).
-2
Let a(b) = -b. Suppose -27 - 15 = -6*i. Let o be (-567)/(-51) + 4/(-34). Suppose -o = -4*v - i*v. Give a(v).
-1
Let w(c) = -29 - 755*c - 751*c + c**2 + 1501*c. Determine w(12).
55
Suppose -12*k - 607 = 497. Let m be k/(-16) - (-2 - 14/(-8)). Let l(w) = -3*w + 7. Calculate l(m).
-11
Let g(a) = 3*a**3 - a**2 - a. Suppose 630 + 59 = 13*b. Suppose 48*l = b*l + 5. Calculate g(l).
-3
Suppose -4*i = 3*l - 538, 2*i = -3*i - 5*l + 675. Suppose -i*x = -140*x - 35. Let r(s) = s**2 + 4*s - 6. Determine r(x).
-1
Let j(l) = l - 12. Let c(w) = -w**3 - 13*w**2 - 10*w + 19. Suppose -96 = 10*x + 24. Let o be c(x). What is j(o)?
-17
Suppose -11*l = -15*l - 132. Let n be (-8954)/l - 2/(-3). Let y(w) = -273*w**2 - 5 - 2 + n*w**2 + 7*w. Give y(5).
3
Let r(x) = -x**2 - 9*x + 1. Let s be r(-8). Let d(g) be the second derivative of 1/6*g**3 + 10*g + 0 - 5/2*g**2. What is d(s)?
4
Let b be 24/(-16) + (-30)/(-4). Let g be (6 - 6)*(-3)/b. Let u(f) = 1 + 47*f**2 - 15 + 0*f - 23*f**2 - 23*f**2 - f. What is u(g)?
-14
Let r(g) = 4*g**2 + 2*g + 1. Suppose -36 = -18*w + 12*w. Suppose 6*q - w = -18. Determine r(q).
13
Let t(q) be the first derivative of q**4/4 + 2*q**3/3 + 5*q**2/2 + q + 3522. Calculate t(-2).
-9
Let u(d) be the third derivative of 131*d**4/24 + 1571*d**3/6 - 4153*d**2. Give u(-12).
-1
Let s(y) = 2*y**2 - 8*y - 124. Let n(c) = c**2 - 5*c - 54. Let r(g) = -11*n(g) + 5*s(g). Calculate r(13).
0
Let d(q) be the second derivative of 11*q**3/6 + 11*q**2 - 544*q. Determine d(-2).
0
Let x(d) = -d**3 + 5*d**2 - 31*d + 316. Let q be x(7). Let k(r) = 2*r**2 + 4*r**2 + 5*r**2. What is k(q)?
11
Let h(r) be the third derivative of r**8/20160 - r**7/1008 - r**5/15 + 4*r**3/3 - r**2 + 3. Let m(b) be the third derivative of h(b). Give m(4).
-4
Let l be 12/(-12 - (-630)/56). Let b(f) = f**2 + 16*f + 1. Give b(l).
1
Let d(t) = 4*t**2 + 10*t - 136. Let s be d(5). Let q(x) = x**2 - 3*x - 165. Give q(s).
-11
Let x(p) = -9*p**3 + p**2 - 3*p - 4. Let v(q) = q**2 + 27 - 57 - 4*q - 21*q**3 + 8*q**3 + 24. Let y(w) = 5*v(w) - 7*x(w). Determine y(-2).
4
Let k(q) = -q**3 - q**2 + 2*q - 165. Suppose 88 = 17*m + 88. Calculate k(m).
-165
Suppose 0 = -4*i + 13*i - 153. Let w(k) = 11*k**3 - k + i*k**3 - 7*k - 1 - 2*k**2 + 6*k. Calculate w(-1).
-29
Let n be 1/(-2 + (-90)/(-36)). Let l(x) be the first derivative of -14 + 1/2*x**n + 21*x. Calculate l(-9).
12
Let q(v) = -810*v - 824*v + 1 + 1631*v. What is q(12)?
-35
Let a(r) be the first derivative of 11*r**2 + 82*r - 433. Determine a(-4).
-6
Let m be ((-16)/15)/(4/(-10))*(-135)/15. Let g(a) = a**3 + 23*a**2 - 24*a + 7. Give g(m).
7
Let h(x) = 166*x - 1. Let c(z) = 109*z - 1. Let u(f) = -29*c(f) + 19*h(f). Suppose 2*j + 4 = 4*j. What is u(j)?
-4
Let z = 258 - 256. Let a(t) = 9*t**3 - 2*t**2 + 3*t - 3. Determine a(z).
67
Suppose 3*g + 3*t = 8*g + 30, 2*g = 2*t - 20. Let n(x) = 2*x**3 - 3*x**3 + x**2 + 4 + 0. What is n(g)?
4
Let b(u) = -18 - 41*u - 48*u - 7 + 85*u. Let m be b(-7). Let i(w) = w**2 - 5*w + 3. What is i(m)?
-3
Let u(j) = 15*j + 38. Let d be 1 + -6 + (-2)/(20/(-90)*3). Give u(d).
8
Let x(q) = -q**2 + 10*q + 5. Suppose 4*t - 4*k + 40 = 0, -13 - 17 = 3*t - 2*k. Let h be ((-12)/(-18))/((-3)/81) + -2. Let v = t - h. Give x(v).
5
Let l(y) = -40*y**3 - 17*y**2 - 4*y - 9. Let v(k) = -19*k**3 - 8*k**2 - 2*k - 4. Let h(q) = 6*l(q) - 13*v(q). Give h(1).
9
Let n(g) be the third derivative of -g**5/60 - g**4/6 - 25*g**3/2 - 77*g**2. Let j(a) be the first derivative of n(a). Calculate j(4).
-12
Let a(y) = 21*y + 4. Let x be (11 + (-375)/45)/((-8)/(-12)). Determine a(x).
88
Let b(z) = 19*z**3 + 64*z**2 - 32*z - 84. Let p(o) = 22*o**3 + 65*o**2 - 33*o - 85. Let h(k) = -8*b(k) + 7*p(k). Determine h(28).
-7
Let u(l) be the first derivative of l**3/3 - 3*l**2/2 - l - 27. Suppose 8 = h + j, -20*h = -17*h - j - 20. What is u(h)?
27
Let r(o) be the first derivative of o**4/4 + 5*o**3/3 + 5*o + 2. Let z = 281 + -173. Let x = z - 113. Determine r(x).
5
Suppose -3*w - 2 = -f, 0 = 5*f - 6 - 19. Suppose -4*p + 4*i - 10 = 5*i, -2*i = p - w. Let l(s) = -48 + 44 - s + 2*s**3 + 3*s**2 - s**3. What is l(p)?
-1
Let u(x) be the second derivative of x**5/20 + 3*x**4/4 - 2*x**3/3 - 7*x**2 + 13*x - 1. What is u(-10)?
-74
Suppose -2*t + 4 = -2*p, 2*p + 16*t = 12*t + 8. Let v(q) = q**3 + q**2 - 2*q - 11. What is v(p)?
-11
Let g(d) = 2*d + 19 - 20 + 0*d + 0*d. Let h = 132 + -134. What is g(h)?
-5
Let s(q) = q + 47. Suppose 3*d = 12, -1995*d - 10 = 3*z - 1990*d. Determine s(z).
37
Let v(z) = -3*z + 13. Let y = -13371 + 13366. Calculate v(y).
28
Let b = -84 - -96. Let w(a) = -481 + 481 + b*a**3 + a. Calculate w(1).
13
Let j(r) = r**2 + 9*r. Let q(f) be the third derivative of -f**5/60 + 43*f**3/6 + 36*f**2. Let c be q(-7). Calculate j(c).
-18
Let c(h) = -4*h - 166. Let w(v) = -v - 55. Let i(p) = 5*c(p) - 16*w(p). Give i(16).
-14
Let w(m) = m**2 + 3*m + 4. Suppose 6*a + 0 = 30. Suppose -a*b + 15 + 20 = -5*r, 4*r = 3*b - 24. Determine w(r).
4
Let u(a) = -2*a**2 + 11*a - 12. Let g be 1729/247 - (-2)/(1/(-1)). What is u(g)?
-7
Let d(f) be the second derivative of -f**3/6 - 11*f**2/2 - 68614*f. Suppose 0 = 2*s + 2*s + 48. Calculate d(s).
1
Let o(m) = -26 - 2*m**2 + 19*m + 20*m + 20*m - 77*m. What is o(-7)?
2
Let i(f) = 10*f - 255. Let o = -26775 - -26800. Give i(o).
-5
Let q(v) = 1 - 4 + 13*v**2 + 0 - 12*v**2 + 5*v. Let z be (-84)/(-18)*6/(-4). What is q(z)?
11
Let j(h) = -2*h**3 - 19*h**2 + 8*h - 23. Let o(f) = -2*f**2 + f. Let c(w) = j(w) + o(w). Calculate c(-11).
-1
Let h(d) = -4*d + 8. Let k(x) = -1. Let y(v) = h(v) + 6*k(v). Let c(a) = -26*a - 135. Let p be c(-21). Let r = 413 - p. Determine y(r).
-6
Let o(p) be the first derivative of 3*p**2/2 - 71*p + 4476. Give o(24).
1
Let f(g) = -5*g - 28. Let h be f(-10). Let i = -27 + h. Let r be 27/(-45) - 3/i. Let b(s) = -s**2 - s + 2. Calculate b(r).
2
Let o be -2*(-5)/55 - 6825/(-33). Let j = 195 - o. Let p(k) = -k**2 - 12*k + 6. What is p(j)?
6
Let v(w) = -w**3 - 6*w**2 + 6*w + 4. Let g be (1 + 308)/(36 - 33). Suppose -g + 5 = 14*f. Give v(f).
11
Let g(y) = -2*y**2 - 13*y + 1. Let d be g(-7). Let a(w) be the third derivative of w**4/8 + w**3/3 + 6*w**2. Calculate a(d).
-16
Let h(p) be the second derivative of -3/20*p**5 + 0 + 0*p**4 + 1/6*p**3 + 0*p**2 + 64*p. Determine h(1).
-2
Let s(f) be the second derivative of -f**5/20 + 2*f**4/3 + f**3/6 + 7*f**2/2 - 44*f - 21. Let c be 8 + -1*(0 - 0). Calculate s(c).
15
Let h be 1 - (0 - (-2)/6*-3). Let n(c) = -46*c**2 - 4 + 4 + 77*c**2 - 21*c**h + c. Calculate n(-1).
9
Let o be 12*(-12)/48 + (2 - 0). Let z(s) = s + 2 - s - 2*s - s. Let b(v) = -v. Let t(f) = o*z(f) + 4*b(f). Give t(5).
-7
Let c = -540 + 543. Let z(h) be the first derivative of h**6/360 - h**5/30 + 5*h**3/3 - 4. Let y(o) be the third derivative of z(o). Determine y(c).
-3
Let u = 9546 - 9545. Let f(g) = -59*g**2 + 6*g - 8. What is f(u)?
-61
Let v(s) = -s + 1. Let d(z) = -2*z**2 + 14*z + 33. Suppose 12*h + 105 - 213 = 0. Let a be d(h). Calculate v(a).
4
Let y(p) = -4*p + 1. Let g(i) = 2*i**3 - 13*i**2 - 7*i + 8. Let u(f) = f**3 + 5*f**2 + 3*f + 1. Let v be u(-2). Let k be g(v). Suppose 10 = 2*r + k. Give y(r).
-3
Suppose -2*f = -2*h + 20, 94*h + 28 = -4*f + 96*h. Let a(n) = 3*n + 0 - 1 + 4 + 5. Calculate a(f).
-4
Let p(b) = -b**3 + 20